{"id":15418,"date":"2020-03-29T19:37:35","date_gmt":"2020-03-29T17:37:35","guid":{"rendered":"https:\/\/tuszuj.pl\/?product=import-placeholder-for-8584"},"modified":"2022-05-22T23:47:17","modified_gmt":"2022-05-22T21:47:17","slug":"toner-jetworld-zamiennik-hp-11a-q6511a-laserjet-2410","status":"publish","type":"product","link":"https:\/\/tuszuj.pl\/?product=toner-jetworld-zamiennik-hp-11a-q6511a-laserjet-2410","title":{"rendered":"Toner JetWorld zamiennik HP 11A Q6511A LaserJet 2410"},"content":{"rendered":"<p>Kolor: czarny<br \/>\nWydajno\u015b\u0107: 6000<br \/>\nKompatybilno\u015b\u0107: HP LaserJet 2410, HP LaserJet 2420, HP LaserJet 2420d, HP LaserJet 2420n, HP LaserJet 2420dn, HP LaserJet 2430, HP LaserJet 2430t, HP LaserJet 2430tn, HP LaserJet 2430dtn <\/p>\n","protected":false},"excerpt":{"rendered":"<p>Kolor: czarny Wydajno\u015b\u0107: 6000 Kompatybilno\u015b\u0107: HP LaserJet 2410, HP LaserJet 2420, HP LaserJet 2420d, HP LaserJet 2420n, HP LaserJet 2420dn, HP LaserJet 2430, HP LaserJet 2430t, HP LaserJet 2430tn, HP LaserJet 2430dtn<\/p>\n","protected":false},"featured_media":7656,"template":"","meta":{"jetpack_post_was_ever_published":false,"jetpack_publicize_message":"","jetpack_publicize_feature_enabled":true,"jetpack_social_post_already_shared":true,"jetpack_social_options":{"image_generator_settings":{"template":"highway","enabled":false}}},"product_cat":[200,203,231],"product_tag":[],"jetpack_publicize_connections":[],"jetpack_sharing_enabled":true,"_links":{"self":[{"href":"https:\/\/tuszuj.pl\/index.php?rest_route=\/wp\/v2\/product\/15418"}],"collection":[{"href":"https:\/\/tuszuj.pl\/index.php?rest_route=\/wp\/v2\/product"}],"about":[{"href":"https:\/\/tuszuj.pl\/index.php?rest_route=\/wp\/v2\/types\/product"}],"wp:featuredmedia":[{"embeddable":true,"href":"https:\/\/tuszuj.pl\/index.php?rest_route=\/wp\/v2\/media\/7656"}],"wp:attachment":[{"href":"https:\/\/tuszuj.pl\/index.php?rest_route=%2Fwp%2Fv2%2Fmedia&parent=15418"}],"wp:term":[{"taxonomy":"product_cat","embeddable":true,"href":"https:\/\/tuszuj.pl\/index.php?rest_route=%2Fwp%2Fv2%2Fproduct_cat&post=15418"},{"taxonomy":"product_tag","embeddable":true,"href":"https:\/\/tuszuj.pl\/index.php?rest_route=%2Fwp%2Fv2%2Fproduct_tag&post=15418"}],"curies":[{"name":"wp","href":"https:\/\/api.w.org\/{rel}","templated":true}]}}