{"id":15437,"date":"2020-03-29T19:37:58","date_gmt":"2020-03-29T17:37:58","guid":{"rendered":"https:\/\/tuszuj.pl\/?product=import-placeholder-for-8603"},"modified":"2022-05-22T23:41:04","modified_gmt":"2022-05-22T21:41:04","slug":"toner-jetworld-zamiennik-hp-51x-q7551x-laserjet-p3005","status":"publish","type":"product","link":"https:\/\/tuszuj.pl\/?product=toner-jetworld-zamiennik-hp-51x-q7551x-laserjet-p3005","title":{"rendered":"Toner JetWorld zamiennik HP 51X Q7551X 13K"},"content":{"rendered":"<p>Kolor: czarny<br \/>\nWydajno\u015b\u0107: 13000<br \/>\nKompatybilno\u015b\u0107: HP LaserJet P3005 (Q7812A), HP LaserJet P3005d (Q7813A), HP LaserJet P3005dn (Q7815A), HP LaserJet P3005n (Q7814A), HP LaserJet P3005x (Q7816A), HP LaserJet M3027 MFP (CB416A), HP LaserJet M3027x MFP (CB417A), HP LaserJet M3035 (CB414A), HP LaserJet M3035xs (CB415A)<\/p>\n","protected":false},"excerpt":{"rendered":"<p>Kolor: czarny Wydajno\u015b\u0107: 13000 Kompatybilno\u015b\u0107: HP LaserJet P3005 (Q7812A), HP LaserJet P3005d (Q7813A), HP LaserJet P3005dn (Q7815A), HP LaserJet P3005n (Q7814A), HP LaserJet P3005x (Q7816A), HP LaserJet M3027 MFP (CB416A), HP LaserJet M3027x MFP (CB417A), HP LaserJet M3035 (CB414A), HP LaserJet M3035xs (CB415A)<\/p>\n","protected":false},"featured_media":7656,"template":"","meta":{"jetpack_post_was_ever_published":false,"jetpack_publicize_message":"","jetpack_publicize_feature_enabled":true,"jetpack_social_post_already_shared":true,"jetpack_social_options":{"image_generator_settings":{"template":"highway","enabled":false}}},"product_cat":[200,203,231],"product_tag":[],"jetpack_publicize_connections":[],"jetpack_sharing_enabled":true,"_links":{"self":[{"href":"https:\/\/tuszuj.pl\/index.php?rest_route=\/wp\/v2\/product\/15437"}],"collection":[{"href":"https:\/\/tuszuj.pl\/index.php?rest_route=\/wp\/v2\/product"}],"about":[{"href":"https:\/\/tuszuj.pl\/index.php?rest_route=\/wp\/v2\/types\/product"}],"wp:featuredmedia":[{"embeddable":true,"href":"https:\/\/tuszuj.pl\/index.php?rest_route=\/wp\/v2\/media\/7656"}],"wp:attachment":[{"href":"https:\/\/tuszuj.pl\/index.php?rest_route=%2Fwp%2Fv2%2Fmedia&parent=15437"}],"wp:term":[{"taxonomy":"product_cat","embeddable":true,"href":"https:\/\/tuszuj.pl\/index.php?rest_route=%2Fwp%2Fv2%2Fproduct_cat&post=15437"},{"taxonomy":"product_tag","embeddable":true,"href":"https:\/\/tuszuj.pl\/index.php?rest_route=%2Fwp%2Fv2%2Fproduct_tag&post=15437"}],"curies":[{"name":"wp","href":"https:\/\/api.w.org\/{rel}","templated":true}]}}