{"id":17926,"date":"2020-03-29T20:20:43","date_gmt":"2020-03-29T18:20:43","guid":{"rendered":"https:\/\/tuszuj.pl\/?product=brother-toner-tn-2210-black-12k"},"modified":"2024-06-10T22:19:35","modified_gmt":"2024-06-10T20:19:35","slug":"brother-toner-tn-2210-black-12k","status":"publish","type":"product","link":"https:\/\/tuszuj.pl\/?product=brother-toner-tn-2210-black-12k","title":{"rendered":"Brother Toner TN-2210 Black 1,2K"},"content":{"rendered":"<p>Kolor: czarny<br \/>\nWydajno\u015b\u0107: 1200<br \/>\nKompatybilno\u015b\u0107: Brother DCP-7060D, Brother DCP-7065DN, Brother DCP-7070DW, Brother HL-2240, Brother HL-2240D, Brother HL-2250DN, Brother HL-2270DW, Brother MFC-7360N, Brother MFC-7460DN, Brother MFC-7860DW, Brother Fax-2840, Brother Fax-2845, Brother Fax-2940<\/p>\n","protected":false},"excerpt":{"rendered":"<p>Kolor: czarny Wydajno\u015b\u0107: 1200 Kompatybilno\u015b\u0107: Brother DCP-7060D, Brother DCP-7065DN, Brother DCP-7070DW, Brother HL-2240, Brother HL-2240D, Brother HL-2250DN, Brother HL-2270DW, Brother MFC-7360N, Brother MFC-7460DN, Brother MFC-7860DW, Brother Fax-2840, Brother Fax-2845, Brother Fax-2940<\/p>\n","protected":false},"featured_media":25494,"template":"","meta":{"jetpack_post_was_ever_published":false,"jetpack_publicize_message":"","jetpack_publicize_feature_enabled":true,"jetpack_social_post_already_shared":true,"jetpack_social_options":{"image_generator_settings":{"template":"highway","enabled":false}}},"product_cat":[38,199,102],"product_tag":[],"jetpack_publicize_connections":[],"jetpack_sharing_enabled":true,"_links":{"self":[{"href":"https:\/\/tuszuj.pl\/index.php?rest_route=\/wp\/v2\/product\/17926"}],"collection":[{"href":"https:\/\/tuszuj.pl\/index.php?rest_route=\/wp\/v2\/product"}],"about":[{"href":"https:\/\/tuszuj.pl\/index.php?rest_route=\/wp\/v2\/types\/product"}],"wp:featuredmedia":[{"embeddable":true,"href":"https:\/\/tuszuj.pl\/index.php?rest_route=\/wp\/v2\/media\/25494"}],"wp:attachment":[{"href":"https:\/\/tuszuj.pl\/index.php?rest_route=%2Fwp%2Fv2%2Fmedia&parent=17926"}],"wp:term":[{"taxonomy":"product_cat","embeddable":true,"href":"https:\/\/tuszuj.pl\/index.php?rest_route=%2Fwp%2Fv2%2Fproduct_cat&post=17926"},{"taxonomy":"product_tag","embeddable":true,"href":"https:\/\/tuszuj.pl\/index.php?rest_route=%2Fwp%2Fv2%2Fproduct_tag&post=17926"}],"curies":[{"name":"wp","href":"https:\/\/api.w.org\/{rel}","templated":true}]}}