{"id":17939,"date":"2020-03-29T20:20:57","date_gmt":"2020-03-29T18:20:57","guid":{"rendered":"https:\/\/tuszuj.pl\/?product=brother-toner-tn-2421-black-3000s"},"modified":"2022-05-27T21:42:05","modified_gmt":"2022-05-27T19:42:05","slug":"brother-toner-tn-2421-black-3000s","status":"publish","type":"product","link":"https:\/\/tuszuj.pl\/?product=brother-toner-tn-2421-black-3000s","title":{"rendered":"Brother Toner TN-2421 Black 3K"},"content":{"rendered":"<p>Kolor: black<br \/>\nWydajno\u015b\u0107: 3000<br \/>\nKompatybilno\u015b\u0107: Brother DCP-L2512D, Brother DCP-L2532DW, Brother DCP-L2552DN, Brother HL-L2312D, Brother HL-L2352DW, Brother HL-L2372DN, Brother MFC-L2712DN, Brother MFC-L2712DW, Brother MFC-L2732DW, Brother MFC-L2752DW.<\/p>\n","protected":false},"excerpt":{"rendered":"<p>Kolor: black Wydajno\u015b\u0107: 3000 Kompatybilno\u015b\u0107: Brother DCP-L2512D, Brother DCP-L2532DW, Brother DCP-L2552DN, Brother HL-L2312D, Brother HL-L2352DW, Brother HL-L2372DN, Brother MFC-L2712DN, Brother MFC-L2712DW, Brother MFC-L2732DW, Brother MFC-L2752DW.<\/p>\n","protected":false},"featured_media":25504,"template":"","meta":{"jetpack_post_was_ever_published":false,"jetpack_publicize_message":"","jetpack_publicize_feature_enabled":true,"jetpack_social_post_already_shared":true,"jetpack_social_options":{"image_generator_settings":{"template":"highway","enabled":false}}},"product_cat":[38,199,102],"product_tag":[],"jetpack_publicize_connections":[],"jetpack_sharing_enabled":true,"_links":{"self":[{"href":"https:\/\/tuszuj.pl\/index.php?rest_route=\/wp\/v2\/product\/17939"}],"collection":[{"href":"https:\/\/tuszuj.pl\/index.php?rest_route=\/wp\/v2\/product"}],"about":[{"href":"https:\/\/tuszuj.pl\/index.php?rest_route=\/wp\/v2\/types\/product"}],"wp:featuredmedia":[{"embeddable":true,"href":"https:\/\/tuszuj.pl\/index.php?rest_route=\/wp\/v2\/media\/25504"}],"wp:attachment":[{"href":"https:\/\/tuszuj.pl\/index.php?rest_route=%2Fwp%2Fv2%2Fmedia&parent=17939"}],"wp:term":[{"taxonomy":"product_cat","embeddable":true,"href":"https:\/\/tuszuj.pl\/index.php?rest_route=%2Fwp%2Fv2%2Fproduct_cat&post=17939"},{"taxonomy":"product_tag","embeddable":true,"href":"https:\/\/tuszuj.pl\/index.php?rest_route=%2Fwp%2Fv2%2Fproduct_tag&post=17939"}],"curies":[{"name":"wp","href":"https:\/\/api.w.org\/{rel}","templated":true}]}}