{"id":18114,"date":"2020-03-29T20:22:56","date_gmt":"2020-03-29T18:22:56","guid":{"rendered":"https:\/\/tuszuj.pl\/?product=brother-tusz-lc985-magenta"},"modified":"2024-06-03T14:05:10","modified_gmt":"2024-06-03T12:05:10","slug":"brother-tusz-lc985-magenta","status":"publish","type":"product","link":"https:\/\/tuszuj.pl\/?product=brother-tusz-lc985-magenta","title":{"rendered":"Brother Tusz LC985 Magenta"},"content":{"rendered":"<p>Kolor: magenta<br \/>\nWydajno\u015b\u0107: 260<br \/>\nKompatybilno\u015b\u0107: Kompatybilno\u015b\u0107: Brother DCPJ125, Brother DCP140W, Brother DCPJ315W, Brother DCPJ515W, Brother MFCJ220, Brother MFCJ265W, Brother MFCJ415W<\/p>\n","protected":false},"excerpt":{"rendered":"<p>Kolor: magenta Wydajno\u015b\u0107: 260 Kompatybilno\u015b\u0107: Kompatybilno\u015b\u0107: Brother DCPJ125, Brother DCP140W, Brother DCPJ315W, Brother DCPJ515W, Brother MFCJ220, Brother MFCJ265W, Brother MFCJ415W<\/p>\n","protected":false},"featured_media":25444,"template":"","meta":{"jetpack_post_was_ever_published":false,"jetpack_publicize_message":"","jetpack_publicize_feature_enabled":true,"jetpack_social_post_already_shared":true,"jetpack_social_options":{"image_generator_settings":{"template":"highway","enabled":false}}},"product_cat":[103,199,101],"product_tag":[],"jetpack_publicize_connections":[],"jetpack_sharing_enabled":true,"_links":{"self":[{"href":"https:\/\/tuszuj.pl\/index.php?rest_route=\/wp\/v2\/product\/18114"}],"collection":[{"href":"https:\/\/tuszuj.pl\/index.php?rest_route=\/wp\/v2\/product"}],"about":[{"href":"https:\/\/tuszuj.pl\/index.php?rest_route=\/wp\/v2\/types\/product"}],"wp:featuredmedia":[{"embeddable":true,"href":"https:\/\/tuszuj.pl\/index.php?rest_route=\/wp\/v2\/media\/25444"}],"wp:attachment":[{"href":"https:\/\/tuszuj.pl\/index.php?rest_route=%2Fwp%2Fv2%2Fmedia&parent=18114"}],"wp:term":[{"taxonomy":"product_cat","embeddable":true,"href":"https:\/\/tuszuj.pl\/index.php?rest_route=%2Fwp%2Fv2%2Fproduct_cat&post=18114"},{"taxonomy":"product_tag","embeddable":true,"href":"https:\/\/tuszuj.pl\/index.php?rest_route=%2Fwp%2Fv2%2Fproduct_tag&post=18114"}],"curies":[{"name":"wp","href":"https:\/\/api.w.org\/{rel}","templated":true}]}}