{"id":20175,"date":"2020-03-29T22:34:59","date_gmt":"2020-03-29T20:34:59","guid":{"rendered":"https:\/\/tuszuj.pl\/?product=hp-toner-nr-29x-c4129x-black-10k"},"modified":"2022-05-19T10:38:49","modified_gmt":"2022-05-19T08:38:49","slug":"hp-toner-nr-29x-c4129x-black-10k","status":"publish","type":"product","link":"https:\/\/tuszuj.pl\/?product=hp-toner-nr-29x-c4129x-black-10k","title":{"rendered":"HP Toner nr 29X C4129X Black 10K"},"content":{"rendered":"<p>Kolor: czarny<br \/>\nWydajno\u015b\u0107: 10000<br \/>\nKompatybilno\u015b\u0107: HP LaserJet 5000 (C4110A), HP LaserJet 5000dn (C8068A), HP LaserJet 5000gn (C4112A), HP LaserJet 5000n (C4111A), HP LaserJet 5100<\/p>\n","protected":false},"excerpt":{"rendered":"<p>Kolor: czarny Wydajno\u015b\u0107: 10000 Kompatybilno\u015b\u0107: HP LaserJet 5000 (C4110A), HP LaserJet 5000dn (C8068A), HP LaserJet 5000gn (C4112A), HP LaserJet 5000n (C4111A), HP LaserJet 5100<\/p>\n","protected":false},"featured_media":24977,"template":"","meta":{"jetpack_post_was_ever_published":false,"jetpack_publicize_message":"","jetpack_publicize_feature_enabled":true,"jetpack_social_post_already_shared":true,"jetpack_social_options":{"image_generator_settings":{"template":"highway","enabled":false}}},"product_cat":[100,199,102],"product_tag":[],"jetpack_publicize_connections":[],"jetpack_sharing_enabled":true,"_links":{"self":[{"href":"https:\/\/tuszuj.pl\/index.php?rest_route=\/wp\/v2\/product\/20175"}],"collection":[{"href":"https:\/\/tuszuj.pl\/index.php?rest_route=\/wp\/v2\/product"}],"about":[{"href":"https:\/\/tuszuj.pl\/index.php?rest_route=\/wp\/v2\/types\/product"}],"wp:featuredmedia":[{"embeddable":true,"href":"https:\/\/tuszuj.pl\/index.php?rest_route=\/wp\/v2\/media\/24977"}],"wp:attachment":[{"href":"https:\/\/tuszuj.pl\/index.php?rest_route=%2Fwp%2Fv2%2Fmedia&parent=20175"}],"wp:term":[{"taxonomy":"product_cat","embeddable":true,"href":"https:\/\/tuszuj.pl\/index.php?rest_route=%2Fwp%2Fv2%2Fproduct_cat&post=20175"},{"taxonomy":"product_tag","embeddable":true,"href":"https:\/\/tuszuj.pl\/index.php?rest_route=%2Fwp%2Fv2%2Fproduct_tag&post=20175"}],"curies":[{"name":"wp","href":"https:\/\/api.w.org\/{rel}","templated":true}]}}