{"id":20223,"date":"2020-03-29T22:35:44","date_gmt":"2020-03-29T20:35:44","guid":{"rendered":"https:\/\/tuszuj.pl\/?product=hp-toner-nr-39a-q1339a-black"},"modified":"2022-05-19T10:11:38","modified_gmt":"2022-05-19T08:11:38","slug":"hp-toner-nr-39a-q1339a-black","status":"publish","type":"product","link":"https:\/\/tuszuj.pl\/?product=hp-toner-nr-39a-q1339a-black","title":{"rendered":"HP Toner nr 39A Q1339A Black"},"content":{"rendered":"<p>Kolor: czarny<br \/>\nWydajno\u015b\u0107: 18000<br \/>\nKompatybilno\u015b\u0107: HP LaserJet 4300, HP LaserJet 4300 DTN, HP LaserJet 4300 DTNS, HP LaserJet 4300 DTNSL, HP LaserJet 4300 N, HP LaserJet 4300 TN<\/p>\n","protected":false},"excerpt":{"rendered":"<p>Kolor: czarny Wydajno\u015b\u0107: 18000 Kompatybilno\u015b\u0107: HP LaserJet 4300, HP LaserJet 4300 DTN, HP LaserJet 4300 DTNS, HP LaserJet 4300 DTNSL, HP LaserJet 4300 N, HP LaserJet 4300 TN<\/p>\n","protected":false},"featured_media":24972,"template":"","meta":{"jetpack_post_was_ever_published":false,"jetpack_publicize_message":"","jetpack_publicize_feature_enabled":true,"jetpack_social_post_already_shared":true,"jetpack_social_options":{"image_generator_settings":{"template":"highway","enabled":false}}},"product_cat":[100,199,102],"product_tag":[],"jetpack_publicize_connections":[],"jetpack_sharing_enabled":true,"_links":{"self":[{"href":"https:\/\/tuszuj.pl\/index.php?rest_route=\/wp\/v2\/product\/20223"}],"collection":[{"href":"https:\/\/tuszuj.pl\/index.php?rest_route=\/wp\/v2\/product"}],"about":[{"href":"https:\/\/tuszuj.pl\/index.php?rest_route=\/wp\/v2\/types\/product"}],"wp:featuredmedia":[{"embeddable":true,"href":"https:\/\/tuszuj.pl\/index.php?rest_route=\/wp\/v2\/media\/24972"}],"wp:attachment":[{"href":"https:\/\/tuszuj.pl\/index.php?rest_route=%2Fwp%2Fv2%2Fmedia&parent=20223"}],"wp:term":[{"taxonomy":"product_cat","embeddable":true,"href":"https:\/\/tuszuj.pl\/index.php?rest_route=%2Fwp%2Fv2%2Fproduct_cat&post=20223"},{"taxonomy":"product_tag","embeddable":true,"href":"https:\/\/tuszuj.pl\/index.php?rest_route=%2Fwp%2Fv2%2Fproduct_tag&post=20223"}],"curies":[{"name":"wp","href":"https:\/\/api.w.org\/{rel}","templated":true}]}}