{"id":22362,"date":"2020-03-29T23:00:10","date_gmt":"2020-03-29T21:00:10","guid":{"rendered":"https:\/\/tuszuj.pl\/?product=prism-brother-toner-tn-2120-tn-360-26k-100-new"},"modified":"2022-05-27T10:05:21","modified_gmt":"2022-05-27T08:05:21","slug":"prism-brother-toner-tn-2120-tn-360-26k-100-new","status":"publish","type":"product","link":"https:\/\/tuszuj.pl\/?product=prism-brother-toner-tn-2120-tn-360-26k-100-new","title":{"rendered":"PRISM Brother Toner TN-2120\/TN-360 2,6k 100% new"},"content":{"rendered":"<p>Kolor: czarny<br \/>\nWydajno\u015b\u0107: 2600<br \/>\nKompatybilno\u015b\u0107: Brother DCP-7030, Brother DCP-7040, Brother DCP-7045N, Brother HL-2140, Brother HL-2150N, Brother HL-2170W, Brother MFC-7320, Brother MFC-7440N, Brother MFC-7840W<\/p>\n","protected":false},"excerpt":{"rendered":"<p>Kolor: czarny Wydajno\u015b\u0107: 2600 Kompatybilno\u015b\u0107: Brother DCP-7030, Brother DCP-7040, Brother DCP-7045N, Brother HL-2140, Brother HL-2150N, Brother HL-2170W, Brother MFC-7320, Brother MFC-7440N, Brother MFC-7840W<\/p>\n","protected":false},"featured_media":14421,"template":"","meta":{"jetpack_post_was_ever_published":false,"jetpack_publicize_message":"","jetpack_publicize_feature_enabled":true,"jetpack_social_post_already_shared":true,"jetpack_social_options":{"image_generator_settings":{"template":"highway","enabled":false}}},"product_cat":[200,226,203],"product_tag":[],"jetpack_publicize_connections":[],"jetpack_sharing_enabled":true,"_links":{"self":[{"href":"https:\/\/tuszuj.pl\/index.php?rest_route=\/wp\/v2\/product\/22362"}],"collection":[{"href":"https:\/\/tuszuj.pl\/index.php?rest_route=\/wp\/v2\/product"}],"about":[{"href":"https:\/\/tuszuj.pl\/index.php?rest_route=\/wp\/v2\/types\/product"}],"wp:featuredmedia":[{"embeddable":true,"href":"https:\/\/tuszuj.pl\/index.php?rest_route=\/wp\/v2\/media\/14421"}],"wp:attachment":[{"href":"https:\/\/tuszuj.pl\/index.php?rest_route=%2Fwp%2Fv2%2Fmedia&parent=22362"}],"wp:term":[{"taxonomy":"product_cat","embeddable":true,"href":"https:\/\/tuszuj.pl\/index.php?rest_route=%2Fwp%2Fv2%2Fproduct_cat&post=22362"},{"taxonomy":"product_tag","embeddable":true,"href":"https:\/\/tuszuj.pl\/index.php?rest_route=%2Fwp%2Fv2%2Fproduct_tag&post=22362"}],"curies":[{"name":"wp","href":"https:\/\/api.w.org\/{rel}","templated":true}]}}