{"id":23613,"date":"2020-03-29T23:14:02","date_gmt":"2020-03-29T21:14:02","guid":{"rendered":"https:\/\/tuszuj.pl\/?product=prism-samsung-toner-d1042s-su737a-15k-100-ml-1660d"},"modified":"2022-04-28T17:02:31","modified_gmt":"2022-04-28T15:02:31","slug":"prism-samsung-toner-d1042s-su737a-15k-100-ml-1660d","status":"publish","type":"product","link":"https:\/\/tuszuj.pl\/?product=prism-samsung-toner-d1042s-su737a-15k-100-ml-1660d","title":{"rendered":"PRISM Samsung Toner D1042S\/SU737A 1,5K 100% ML-1660D"},"content":{"rendered":"<p>Kolor: black<br \/>\nWydajno\u015b\u0107: 1500<br \/>\nKompatybilno\u015b\u0107: Samsung ML-1660, Samsung ML-1665, Samsung ML-1670, Samsung ML-1675, Samsung ML-1860, Samsung ML-1865, Samsung ML-1865W, Samsung ML-1870, Samsung ML-1874, Samsung SCX-3200, Samsung SCX-3205, Samsung SCX-3205W<\/p>\n","protected":false},"excerpt":{"rendered":"<p>Kolor: black Wydajno\u015b\u0107: 1500 Kompatybilno\u015b\u0107: Samsung ML-1660, Samsung ML-1665, Samsung ML-1670, Samsung ML-1675, Samsung ML-1860, Samsung ML-1865, Samsung ML-1865W, Samsung ML-1870, Samsung ML-1874, Samsung SCX-3200, Samsung SCX-3205, Samsung SCX-3205W<\/p>\n","protected":false},"featured_media":14421,"template":"","meta":{"jetpack_post_was_ever_published":false,"jetpack_publicize_message":"","jetpack_publicize_feature_enabled":true,"jetpack_social_post_already_shared":true,"jetpack_social_options":{"image_generator_settings":{"template":"highway","enabled":false}}},"product_cat":[200,203,234],"product_tag":[],"jetpack_publicize_connections":[],"jetpack_sharing_enabled":true,"_links":{"self":[{"href":"https:\/\/tuszuj.pl\/index.php?rest_route=\/wp\/v2\/product\/23613"}],"collection":[{"href":"https:\/\/tuszuj.pl\/index.php?rest_route=\/wp\/v2\/product"}],"about":[{"href":"https:\/\/tuszuj.pl\/index.php?rest_route=\/wp\/v2\/types\/product"}],"wp:featuredmedia":[{"embeddable":true,"href":"https:\/\/tuszuj.pl\/index.php?rest_route=\/wp\/v2\/media\/14421"}],"wp:attachment":[{"href":"https:\/\/tuszuj.pl\/index.php?rest_route=%2Fwp%2Fv2%2Fmedia&parent=23613"}],"wp:term":[{"taxonomy":"product_cat","embeddable":true,"href":"https:\/\/tuszuj.pl\/index.php?rest_route=%2Fwp%2Fv2%2Fproduct_cat&post=23613"},{"taxonomy":"product_tag","embeddable":true,"href":"https:\/\/tuszuj.pl\/index.php?rest_route=%2Fwp%2Fv2%2Fproduct_tag&post=23613"}],"curies":[{"name":"wp","href":"https:\/\/api.w.org\/{rel}","templated":true}]}}