{"id":25580,"date":"2022-05-22T21:43:00","date_gmt":"2022-05-22T19:43:00","guid":{"rendered":"https:\/\/tuszuj.pl\/?post_type=product&#038;p=25580"},"modified":"2024-05-05T16:56:32","modified_gmt":"2024-05-05T14:56:32","slug":"papier-ksero-a4-pollux-80g-m2-500-ark-161-cie","status":"publish","type":"product","link":"https:\/\/tuszuj.pl\/?product=papier-ksero-a4-pollux-80g-m2-500-ark-161-cie","title":{"rendered":"Papier ksero A4 Pollux 80g\/m2 500 ark 161 CIE"},"content":{"rendered":"<p>Papier ksero bia\u0142y,<br \/>\nPrzeznaczenie: do zastosowa\u0144 biurowych \u2013 drukarki, kserokopiarki<\/p>\n<p>Format papieru A4 (297\u00d7420);<br \/>\nGramatura (g\/m\u00b2) 80<br \/>\nBia\u0142o\u015b\u0107 (CIE) 161+\/-2<br \/>\nNieprzezroczysto\u015b\u0107 (%) 94 +2\/-1<br \/>\nGrubo\u015b\u0107 (\u00b5m) 108+\/-3<br \/>\nG\u0142adko\u015b\u0107 (wg. testu Bendtsen) 180+\/-50<br \/>\nIlo\u015b\u0107: 500 arkuszy<\/p>\n","protected":false},"excerpt":{"rendered":"<p>Papier ksero bia\u0142y, Przeznaczenie: do zastosowa\u0144 biurowych \u2013 drukarki, kserokopiarki Format papieru A4 (297\u00d7420); Gramatura (g\/m\u00b2) 80 Bia\u0142o\u015b\u0107 (CIE) 161+\/-2 Nieprzezroczysto\u015b\u0107 (%) 94 +2\/-1 Grubo\u015b\u0107 (\u00b5m) 108+\/-3 G\u0142adko\u015b\u0107 (wg. testu Bendtsen) 180+\/-50 Ilo\u015b\u0107: 500 arkuszy<\/p>\n","protected":false},"featured_media":25581,"template":"","meta":{"jetpack_post_was_ever_published":false,"jetpack_publicize_message":"","jetpack_publicize_feature_enabled":true,"jetpack_social_post_already_shared":true,"jetpack_social_options":{"image_generator_settings":{"template":"highway","enabled":false}}},"product_cat":[278,292],"product_tag":[],"jetpack_publicize_connections":[],"jetpack_sharing_enabled":true,"_links":{"self":[{"href":"https:\/\/tuszuj.pl\/index.php?rest_route=\/wp\/v2\/product\/25580"}],"collection":[{"href":"https:\/\/tuszuj.pl\/index.php?rest_route=\/wp\/v2\/product"}],"about":[{"href":"https:\/\/tuszuj.pl\/index.php?rest_route=\/wp\/v2\/types\/product"}],"wp:featuredmedia":[{"embeddable":true,"href":"https:\/\/tuszuj.pl\/index.php?rest_route=\/wp\/v2\/media\/25581"}],"wp:attachment":[{"href":"https:\/\/tuszuj.pl\/index.php?rest_route=%2Fwp%2Fv2%2Fmedia&parent=25580"}],"wp:term":[{"taxonomy":"product_cat","embeddable":true,"href":"https:\/\/tuszuj.pl\/index.php?rest_route=%2Fwp%2Fv2%2Fproduct_cat&post=25580"},{"taxonomy":"product_tag","embeddable":true,"href":"https:\/\/tuszuj.pl\/index.php?rest_route=%2Fwp%2Fv2%2Fproduct_tag&post=25580"}],"curies":[{"name":"wp","href":"https:\/\/api.w.org\/{rel}","templated":true}]}}