{"id":25764,"date":"2024-01-24T09:22:30","date_gmt":"2024-01-24T08:22:30","guid":{"rendered":"https:\/\/tuszuj.pl\/?post_type=product&#038;p=25764"},"modified":"2024-01-31T13:54:40","modified_gmt":"2024-01-31T12:54:40","slug":"zszywacz-office-products-mini-niebieski","status":"publish","type":"product","link":"https:\/\/tuszuj.pl\/?product=zszywacz-office-products-mini-niebieski","title":{"rendered":"Zszywacz OFFICE PRODUCTS MINI NIEBIESKI"},"content":{"rendered":"<p>Specyfikacja:<br \/>\n&#8211; zszywa do 20 kartek<br \/>\n&#8211; na zszywki nr 24\/6 i 26\/6<br \/>\n&#8211; obudowa plastikowa, antypo\u015blizgowe gumowane rami\u0119 mechanizm metalowy<br \/>\n&#8211; wska\u017anik zu\u017cycia zszywek<br \/>\n&#8211; g\u0142\u0119boko\u015b\u0107 wsuni\u0119cia kartki 25mm<\/p>\n","protected":false},"excerpt":{"rendered":"<p>Specyfikacja: &#8211; zszywa do 20 kartek &#8211; na zszywki nr 24\/6 i 26\/6 &#8211; obudowa plastikowa, antypo\u015blizgowe gumowane rami\u0119 mechanizm metalowy &#8211; wska\u017anik zu\u017cycia zszywek &#8211; g\u0142\u0119boko\u015b\u0107 wsuni\u0119cia kartki 25mm<\/p>\n","protected":false},"featured_media":25767,"template":"","meta":{"jetpack_post_was_ever_published":false,"jetpack_publicize_message":"","jetpack_publicize_feature_enabled":true,"jetpack_social_post_already_shared":true,"jetpack_social_options":{"image_generator_settings":{"template":"highway","enabled":false}}},"product_cat":[278,284],"product_tag":[],"jetpack_publicize_connections":[],"jetpack_sharing_enabled":true,"_links":{"self":[{"href":"https:\/\/tuszuj.pl\/index.php?rest_route=\/wp\/v2\/product\/25764"}],"collection":[{"href":"https:\/\/tuszuj.pl\/index.php?rest_route=\/wp\/v2\/product"}],"about":[{"href":"https:\/\/tuszuj.pl\/index.php?rest_route=\/wp\/v2\/types\/product"}],"wp:featuredmedia":[{"embeddable":true,"href":"https:\/\/tuszuj.pl\/index.php?rest_route=\/wp\/v2\/media\/25767"}],"wp:attachment":[{"href":"https:\/\/tuszuj.pl\/index.php?rest_route=%2Fwp%2Fv2%2Fmedia&parent=25764"}],"wp:term":[{"taxonomy":"product_cat","embeddable":true,"href":"https:\/\/tuszuj.pl\/index.php?rest_route=%2Fwp%2Fv2%2Fproduct_cat&post=25764"},{"taxonomy":"product_tag","embeddable":true,"href":"https:\/\/tuszuj.pl\/index.php?rest_route=%2Fwp%2Fv2%2Fproduct_tag&post=25764"}],"curies":[{"name":"wp","href":"https:\/\/api.w.org\/{rel}","templated":true}]}}