{"id":25808,"date":"2024-01-25T11:44:49","date_gmt":"2024-01-25T10:44:49","guid":{"rendered":"https:\/\/tuszuj.pl\/?post_type=product&#038;p=25808"},"modified":"2024-01-25T11:44:49","modified_gmt":"2024-01-25T10:44:49","slug":"korektor-w-tasmie-toma-to-0124","status":"publish","type":"product","link":"https:\/\/tuszuj.pl\/?product=korektor-w-tasmie-toma-to-0124","title":{"rendered":"Korektor w ta\u015bmie TOMA TO-0124"},"content":{"rendered":"<p>Specyfikacja:<br \/>\n&#8211; szeroko\u015b\u0107 ta\u015bmy korekcyjnej: 5mm<br \/>\n&#8211; d\u0142ugo\u015b\u0107 ta\u015bmy : 12m<br \/>\n&#8211; prze\u017aroczysta obudowa zapewniaj\u0105ca widoczny poziom zu\u017cycia<br \/>\n&#8211; do stosowania na r\u00f3\u017cnych rodzajach papieru<\/p>\n","protected":false},"excerpt":{"rendered":"<p>Specyfikacja: &#8211; szeroko\u015b\u0107 ta\u015bmy korekcyjnej: 5mm &#8211; d\u0142ugo\u015b\u0107 ta\u015bmy : 12m &#8211; prze\u017aroczysta obudowa zapewniaj\u0105ca widoczny poziom zu\u017cycia &#8211; do stosowania na r\u00f3\u017cnych rodzajach papieru<\/p>\n","protected":false},"featured_media":25812,"template":"","meta":{"jetpack_post_was_ever_published":false,"jetpack_publicize_message":"","jetpack_publicize_feature_enabled":true,"jetpack_social_post_already_shared":true,"jetpack_social_options":{"image_generator_settings":{"template":"highway","enabled":false}}},"product_cat":[278],"product_tag":[],"jetpack_publicize_connections":[],"jetpack_sharing_enabled":true,"_links":{"self":[{"href":"https:\/\/tuszuj.pl\/index.php?rest_route=\/wp\/v2\/product\/25808"}],"collection":[{"href":"https:\/\/tuszuj.pl\/index.php?rest_route=\/wp\/v2\/product"}],"about":[{"href":"https:\/\/tuszuj.pl\/index.php?rest_route=\/wp\/v2\/types\/product"}],"wp:featuredmedia":[{"embeddable":true,"href":"https:\/\/tuszuj.pl\/index.php?rest_route=\/wp\/v2\/media\/25812"}],"wp:attachment":[{"href":"https:\/\/tuszuj.pl\/index.php?rest_route=%2Fwp%2Fv2%2Fmedia&parent=25808"}],"wp:term":[{"taxonomy":"product_cat","embeddable":true,"href":"https:\/\/tuszuj.pl\/index.php?rest_route=%2Fwp%2Fv2%2Fproduct_cat&post=25808"},{"taxonomy":"product_tag","embeddable":true,"href":"https:\/\/tuszuj.pl\/index.php?rest_route=%2Fwp%2Fv2%2Fproduct_tag&post=25808"}],"curies":[{"name":"wp","href":"https:\/\/api.w.org\/{rel}","templated":true}]}}