{"id":25810,"date":"2024-01-25T11:18:09","date_gmt":"2024-01-25T10:18:09","guid":{"rendered":"https:\/\/tuszuj.pl\/?post_type=product&#038;p=25810"},"modified":"2024-05-05T16:13:36","modified_gmt":"2024-05-05T14:13:36","slug":"kalkulator-vector-vc-368-biurowy","status":"publish","type":"product","link":"https:\/\/tuszuj.pl\/?product=kalkulator-vector-vc-368-biurowy","title":{"rendered":"Kalkulator Vector VC-368 biurowy"},"content":{"rendered":"<p>Opis:<\/p>\n<p>&#8211; 12 pozycyjny<\/p>\n<p>&#8211; Podw\u00f3jne zasilanie<\/p>\n<p>&#8211; podw\u00f3jna pami\u0119\u0107<\/p>\n<p>&#8211; obliczanie mar\u017cy<\/p>\n<p>&#8211; klawisz cofania<\/p>\n<p>&#8211; obliczanie % i pierwiastk\u00f3w<\/p>\n<p>&#8211; klawisz zmiany znaku +\/-<\/p>\n<p>&#8211; Plastikowe przyciski<\/p>\n<p>&#8211; Zaokr\u0105glanie wynik\u00f3w<\/p>\n<p>&#8211; Wymiary: 154x 152x 29mm<\/p>\n<p>&#8211; Kod EAN : 5904329925592<\/p>\n","protected":false},"excerpt":{"rendered":"<p>Opis: &#8211; 12 pozycyjny &#8211; Podw\u00f3jne zasilanie &#8211; podw\u00f3jna pami\u0119\u0107 &#8211; obliczanie mar\u017cy &#8211; klawisz cofania &#8211; obliczanie % i pierwiastk\u00f3w &#8211; klawisz zmiany znaku +\/- &#8211; Plastikowe przyciski &#8211; Zaokr\u0105glanie wynik\u00f3w &#8211; Wymiary: 154x 152x 29mm &#8211; Kod EAN : 5904329925592<\/p>\n","protected":false},"featured_media":25811,"template":"","meta":{"jetpack_post_was_ever_published":false,"jetpack_publicize_message":"","jetpack_publicize_feature_enabled":true,"jetpack_social_post_already_shared":true,"jetpack_social_options":{"image_generator_settings":{"template":"highway","enabled":false}}},"product_cat":[278,280],"product_tag":[],"jetpack_publicize_connections":[],"jetpack_sharing_enabled":true,"_links":{"self":[{"href":"https:\/\/tuszuj.pl\/index.php?rest_route=\/wp\/v2\/product\/25810"}],"collection":[{"href":"https:\/\/tuszuj.pl\/index.php?rest_route=\/wp\/v2\/product"}],"about":[{"href":"https:\/\/tuszuj.pl\/index.php?rest_route=\/wp\/v2\/types\/product"}],"wp:featuredmedia":[{"embeddable":true,"href":"https:\/\/tuszuj.pl\/index.php?rest_route=\/wp\/v2\/media\/25811"}],"wp:attachment":[{"href":"https:\/\/tuszuj.pl\/index.php?rest_route=%2Fwp%2Fv2%2Fmedia&parent=25810"}],"wp:term":[{"taxonomy":"product_cat","embeddable":true,"href":"https:\/\/tuszuj.pl\/index.php?rest_route=%2Fwp%2Fv2%2Fproduct_cat&post=25810"},{"taxonomy":"product_tag","embeddable":true,"href":"https:\/\/tuszuj.pl\/index.php?rest_route=%2Fwp%2Fv2%2Fproduct_tag&post=25810"}],"curies":[{"name":"wp","href":"https:\/\/api.w.org\/{rel}","templated":true}]}}