{"id":25865,"date":"2024-01-29T18:04:29","date_gmt":"2024-01-29T17:04:29","guid":{"rendered":"https:\/\/tuszuj.pl\/?post_type=product&#038;p=25865"},"modified":"2024-01-30T09:02:34","modified_gmt":"2024-01-30T08:02:34","slug":"tusz-noris-110s-do-pieczatek-25-ml-mix-kolorow","status":"publish","type":"product","link":"https:\/\/tuszuj.pl\/?product=tusz-noris-110s-do-pieczatek-25-ml-mix-kolorow","title":{"rendered":"Tusz NORIS 110S do piecz\u0105tek 25 ml mix kolor\u00f3w"},"content":{"rendered":"<p>Tusz bezolejowy do piecz\u0105tek samotuszuj\u0105cych i r\u0119cznych.<\/p>\n<p>Pojemnik z aplikatorem u\u0142atwiaj\u0105cym nas\u0105czanie<\/p>\n<p>Warunki przechowywania:<\/p>\n<p>Przechowywa\u0107 w warunkach pokojowych (15\u00b0C &#8211; 30\u00b0C i wilgotno\u015bci wzgl\u0119dnej powietrza 30% &#8211; 70%) i unika\u0107 ekspozycji na \u015bwiat\u0142o s\u0142oneczne; Przechowywa\u0107 w czysto\u015bci<\/p>\n<h1><em><strong>Uwaga:<\/strong><\/em><\/h1>\n<p>kolor tuszu prosimy wskaza\u0107 w uwagach do zam\u00f3wienia. W przypadku braku wskazania, kolor zostanie wybrany losowo<\/p>\n","protected":false},"excerpt":{"rendered":"<p>Tusz bezolejowy do piecz\u0105tek samotuszuj\u0105cych i r\u0119cznych. Pojemnik z aplikatorem u\u0142atwiaj\u0105cym nas\u0105czanie Warunki przechowywania: Przechowywa\u0107 w warunkach pokojowych (15\u00b0C &#8211; 30\u00b0C i wilgotno\u015bci wzgl\u0119dnej powietrza 30% &#8211; 70%) i unika\u0107 ekspozycji na \u015bwiat\u0142o s\u0142oneczne; Przechowywa\u0107 w czysto\u015bci Uwaga: kolor tuszu prosimy wskaza\u0107 w uwagach do zam\u00f3wienia. W przypadku braku wskazania, kolor zostanie wybrany losowo<\/p>\n","protected":false},"featured_media":25866,"template":"","meta":{"jetpack_post_was_ever_published":false,"jetpack_publicize_message":"","jetpack_publicize_feature_enabled":true,"jetpack_social_post_already_shared":true,"jetpack_social_options":{"image_generator_settings":{"template":"highway","enabled":false}}},"product_cat":[278],"product_tag":[],"jetpack_publicize_connections":[],"jetpack_sharing_enabled":true,"_links":{"self":[{"href":"https:\/\/tuszuj.pl\/index.php?rest_route=\/wp\/v2\/product\/25865"}],"collection":[{"href":"https:\/\/tuszuj.pl\/index.php?rest_route=\/wp\/v2\/product"}],"about":[{"href":"https:\/\/tuszuj.pl\/index.php?rest_route=\/wp\/v2\/types\/product"}],"wp:featuredmedia":[{"embeddable":true,"href":"https:\/\/tuszuj.pl\/index.php?rest_route=\/wp\/v2\/media\/25866"}],"wp:attachment":[{"href":"https:\/\/tuszuj.pl\/index.php?rest_route=%2Fwp%2Fv2%2Fmedia&parent=25865"}],"wp:term":[{"taxonomy":"product_cat","embeddable":true,"href":"https:\/\/tuszuj.pl\/index.php?rest_route=%2Fwp%2Fv2%2Fproduct_cat&post=25865"},{"taxonomy":"product_tag","embeddable":true,"href":"https:\/\/tuszuj.pl\/index.php?rest_route=%2Fwp%2Fv2%2Fproduct_tag&post=25865"}],"curies":[{"name":"wp","href":"https:\/\/api.w.org\/{rel}","templated":true}]}}