{"id":25900,"date":"2024-01-30T13:05:04","date_gmt":"2024-01-30T12:05:04","guid":{"rendered":"https:\/\/tuszuj.pl\/?post_type=product&#038;p=25900"},"modified":"2024-05-05T16:00:05","modified_gmt":"2024-05-05T14:00:05","slug":"olowek-staedtler-noris-hb-z-gumka","status":"publish","type":"product","link":"https:\/\/tuszuj.pl\/?product=olowek-staedtler-noris-hb-z-gumka","title":{"rendered":"O\u0142\u00f3wek STAEDTLER NORIS HB z Gumk\u0105"},"content":{"rendered":"<p>Specyfikacja:<br \/>\n\u2013 grafit odporny na \u0142amanie<br \/>\n\u2013 mi\u0119kka powierzchnia antypo\u015blizgowa i wysoka odporno\u015b\u0107 na pisanie, rysowanie i szkicowanie<br \/>\n\u2013 sze\u015bciok\u0105tny kszta\u0142t<br \/>\n\u2013 twardo\u015b\u0107 grafitu: HB<br \/>\n&#8211; jednostka sprzeda\u017cy: 1 sztuka<\/p>\n","protected":false},"excerpt":{"rendered":"<p>Specyfikacja: \u2013 grafit odporny na \u0142amanie \u2013 mi\u0119kka powierzchnia antypo\u015blizgowa i wysoka odporno\u015b\u0107 na pisanie, rysowanie i szkicowanie \u2013 sze\u015bciok\u0105tny kszta\u0142t \u2013 twardo\u015b\u0107 grafitu: HB &#8211; jednostka sprzeda\u017cy: 1 sztuka<\/p>\n","protected":false},"featured_media":25901,"template":"","meta":{"jetpack_post_was_ever_published":false,"jetpack_publicize_message":"","jetpack_publicize_feature_enabled":true,"jetpack_social_post_already_shared":true,"jetpack_social_options":{"image_generator_settings":{"template":"highway","enabled":false}}},"product_cat":[278,285],"product_tag":[],"jetpack_publicize_connections":[],"jetpack_sharing_enabled":true,"_links":{"self":[{"href":"https:\/\/tuszuj.pl\/index.php?rest_route=\/wp\/v2\/product\/25900"}],"collection":[{"href":"https:\/\/tuszuj.pl\/index.php?rest_route=\/wp\/v2\/product"}],"about":[{"href":"https:\/\/tuszuj.pl\/index.php?rest_route=\/wp\/v2\/types\/product"}],"wp:featuredmedia":[{"embeddable":true,"href":"https:\/\/tuszuj.pl\/index.php?rest_route=\/wp\/v2\/media\/25901"}],"wp:attachment":[{"href":"https:\/\/tuszuj.pl\/index.php?rest_route=%2Fwp%2Fv2%2Fmedia&parent=25900"}],"wp:term":[{"taxonomy":"product_cat","embeddable":true,"href":"https:\/\/tuszuj.pl\/index.php?rest_route=%2Fwp%2Fv2%2Fproduct_cat&post=25900"},{"taxonomy":"product_tag","embeddable":true,"href":"https:\/\/tuszuj.pl\/index.php?rest_route=%2Fwp%2Fv2%2Fproduct_tag&post=25900"}],"curies":[{"name":"wp","href":"https:\/\/api.w.org\/{rel}","templated":true}]}}