{"id":25904,"date":"2024-01-31T10:06:31","date_gmt":"2024-01-31T09:06:31","guid":{"rendered":"https:\/\/tuszuj.pl\/?post_type=product&#038;p=25904"},"modified":"2024-05-05T15:53:12","modified_gmt":"2024-05-05T13:53:12","slug":"olowek-faber-castell-grip-jumbo-hb","status":"publish","type":"product","link":"https:\/\/tuszuj.pl\/?product=olowek-faber-castell-grip-jumbo-hb","title":{"rendered":"O\u0142\u00f3wek FABER CASTELL GRIP JUMBO HB"},"content":{"rendered":"<p>Specyfikacja:<br \/>\n\u2013 twardo\u015b\u0107 grafitu: HB<br \/>\n\u2013 grafit odporny na \u0142amanie<br \/>\n&#8211; ergonomiczny tr\u00f3jk\u0105tny kszta\u0142t, wygodny w u\u017cytkowaniu<br \/>\n&#8211; pokryty ma\u0142ymi antypo\u015blizgowymi punktami<br \/>\n&#8211; mi\u0119kkie drewno, \u0142atwe do temperowania<br \/>\n&#8211; jednostka sprzeda\u017cy: 1 sztuka<\/p>\n","protected":false},"excerpt":{"rendered":"<p>Specyfikacja: \u2013 twardo\u015b\u0107 grafitu: HB \u2013 grafit odporny na \u0142amanie &#8211; ergonomiczny tr\u00f3jk\u0105tny kszta\u0142t, wygodny w u\u017cytkowaniu &#8211; pokryty ma\u0142ymi antypo\u015blizgowymi punktami &#8211; mi\u0119kkie drewno, \u0142atwe do temperowania &#8211; jednostka sprzeda\u017cy: 1 sztuka<\/p>\n","protected":false},"featured_media":25906,"template":"","meta":{"jetpack_post_was_ever_published":false,"jetpack_publicize_message":"","jetpack_publicize_feature_enabled":true,"jetpack_social_post_already_shared":true,"jetpack_social_options":{"image_generator_settings":{"template":"highway","enabled":false}}},"product_cat":[278,285],"product_tag":[],"jetpack_publicize_connections":[],"jetpack_sharing_enabled":true,"_links":{"self":[{"href":"https:\/\/tuszuj.pl\/index.php?rest_route=\/wp\/v2\/product\/25904"}],"collection":[{"href":"https:\/\/tuszuj.pl\/index.php?rest_route=\/wp\/v2\/product"}],"about":[{"href":"https:\/\/tuszuj.pl\/index.php?rest_route=\/wp\/v2\/types\/product"}],"wp:featuredmedia":[{"embeddable":true,"href":"https:\/\/tuszuj.pl\/index.php?rest_route=\/wp\/v2\/media\/25906"}],"wp:attachment":[{"href":"https:\/\/tuszuj.pl\/index.php?rest_route=%2Fwp%2Fv2%2Fmedia&parent=25904"}],"wp:term":[{"taxonomy":"product_cat","embeddable":true,"href":"https:\/\/tuszuj.pl\/index.php?rest_route=%2Fwp%2Fv2%2Fproduct_cat&post=25904"},{"taxonomy":"product_tag","embeddable":true,"href":"https:\/\/tuszuj.pl\/index.php?rest_route=%2Fwp%2Fv2%2Fproduct_tag&post=25904"}],"curies":[{"name":"wp","href":"https:\/\/api.w.org\/{rel}","templated":true}]}}