{"id":25912,"date":"2024-01-31T12:58:33","date_gmt":"2024-01-31T11:58:33","guid":{"rendered":"https:\/\/tuszuj.pl\/?post_type=product&#038;p=25912"},"modified":"2024-05-27T10:09:35","modified_gmt":"2024-05-27T08:09:35","slug":"zakreslacze-pelikan-pastel-6-kolorow","status":"publish","type":"product","link":"https:\/\/tuszuj.pl\/?product=zakreslacze-pelikan-pastel-6-kolorow","title":{"rendered":"Zakre\u015blacze Pelikan Pastel 6 kolor\u00f3w"},"content":{"rendered":"<p>Specyfikacja:<br \/>\n&#8211; tusz na bazie wody gwarantuje trwa\u0142o\u015b\u0107 koloru na wszystkich rodzajach papieru<br \/>\n&#8211; \u015bci\u0119ta ko\u0144c\u00f3wka do zakre\u015blania w 3 grubo\u015bciach linii (1, 3 i 5 mm)<br \/>\n&#8211; kolory w zestawie: lavender, baby pink, banana, mint, aqua<br \/>\n&#8211; solidna obudowa wykonana z wysokiej jako\u015bci materia\u0142u, dzi\u0119ki czemu produkt jest trwa\u0142y i nie niszczy si\u0119<\/p>\n","protected":false},"excerpt":{"rendered":"<p>Specyfikacja: &#8211; tusz na bazie wody gwarantuje trwa\u0142o\u015b\u0107 koloru na wszystkich rodzajach papieru &#8211; \u015bci\u0119ta ko\u0144c\u00f3wka do zakre\u015blania w 3 grubo\u015bciach linii (1, 3 i 5 mm) &#8211; kolory w zestawie: lavender, baby pink, banana, mint, aqua &#8211; solidna obudowa wykonana z wysokiej jako\u015bci materia\u0142u, dzi\u0119ki czemu produkt jest trwa\u0142y i nie niszczy si\u0119<\/p>\n","protected":false},"featured_media":25913,"template":"","meta":{"jetpack_post_was_ever_published":false,"jetpack_publicize_message":"","jetpack_publicize_feature_enabled":true,"jetpack_social_post_already_shared":true,"jetpack_social_options":{"image_generator_settings":{"template":"highway","enabled":false}}},"product_cat":[278,286],"product_tag":[],"jetpack_publicize_connections":[],"jetpack_sharing_enabled":true,"_links":{"self":[{"href":"https:\/\/tuszuj.pl\/index.php?rest_route=\/wp\/v2\/product\/25912"}],"collection":[{"href":"https:\/\/tuszuj.pl\/index.php?rest_route=\/wp\/v2\/product"}],"about":[{"href":"https:\/\/tuszuj.pl\/index.php?rest_route=\/wp\/v2\/types\/product"}],"wp:featuredmedia":[{"embeddable":true,"href":"https:\/\/tuszuj.pl\/index.php?rest_route=\/wp\/v2\/media\/25913"}],"wp:attachment":[{"href":"https:\/\/tuszuj.pl\/index.php?rest_route=%2Fwp%2Fv2%2Fmedia&parent=25912"}],"wp:term":[{"taxonomy":"product_cat","embeddable":true,"href":"https:\/\/tuszuj.pl\/index.php?rest_route=%2Fwp%2Fv2%2Fproduct_cat&post=25912"},{"taxonomy":"product_tag","embeddable":true,"href":"https:\/\/tuszuj.pl\/index.php?rest_route=%2Fwp%2Fv2%2Fproduct_tag&post=25912"}],"curies":[{"name":"wp","href":"https:\/\/api.w.org\/{rel}","templated":true}]}}